 Suppose -t*o = 20, 3*c = -5*o + 19 + 30. What are the prime factors of c?
23
Let l(r) = -2*r**3 - 7*r**2 - 6*r - 1. List the prime factors of l(-4).
3, 13
Let u(q) = 11*q + 4. Let a(c) = 4*c + 1. Let v(l) = 7*a(l) - 2*u(l). List the prime factors of v(1).
5
Let z be -15*(-2)/(-8)*-4. Suppose -2*u = -0*u - l + 1, z = 5*u + l. What are the prime factors of u*-9*4/(-6)?
2, 3
What are the prime factors of 0 + 0 + (23 - -3)?
2, 13
Suppose -20 - 9 = a. Let l = a - 5. Let j = l + 51. What are the prime factors of j?
17
Let d be 1/((-3)/2)*-3. List the prime factors of d*-6*(-1)/3.
2
Let w be (70/15)/(2/3). Suppose 2*q = -y + 12, 2 + w = 3*q - 3*y. Suppose -33 = -q*l - 8. What are the prime factors of l?
5
Let p(v) = v**2 + 0*v - 2*v + 0*v - 13*v**3 + 3*v. List the prime factors of p(-1).
13
Suppose -f = 2*k - 276, -369 = -3*k + 5*f + 71. What are the prime factors of k?
2, 5, 7
Let o(r) = -r + 11. Let b be o(8). Suppose t = -b*t + 48. Suppose f = -2*f + t. List the prime factors of f.
2
Let x be ((-20)/(-16))/(4/(-80)). Let h = x - -51. What are the prime factors of h?
2, 13
Let a = -204 + 320. List the prime factors of a.
2, 29
Let m be (3 - 0) + -2 + 0. What are the prime factors of (4 + -1)*m - -2?
5
Let r = 8 - 3. What are the prime factors of r?
5
Let h(w) be the first derivative of -w**4/4 - 3*w**3 - 3*w**2 + 5*w - 2. Let k be h(-7). What are the prime factors of 2/(-3) + k/(-9)?
5
Let v be (-1 - -2)*0/1. Suppose f = 2*f + 3*n + 1, 3*f + 5*n - 9 = v. What are the prime factors of f?
2
Let x = 0 - -2. Suppose 0 = -s + x*s. Suppose -y = -s*y - 19. List the prime factors of y.
19
Let u = -22 - -63. What are the prime factors of u?
41
Let c(z) = -15*z + 3. Let u(j) = -8*j + 2. Let n(o) = -6*c(o) + 11*u(o). Suppose 0 = -6*g + g + 15. List the prime factors of n(g).
2, 5
Let t = -108 - -310. List the prime factors of t.
2, 101
Let x(o) = o**2 + 3*o - 3. Let z(d) = d**3 + 3*d**2 + d - 3. Let u be z(-3). Let r be x(u). Let k = r + -5. List the prime factors of k.
2, 5
Let b(w) = 11 - w - 7*w + 2*w + w**2 - 6. List the prime factors of b(7).
2, 3
Let r(a) = -3*a - 1. Let n be r(-1). Let u = 32 - n. Let m = -19 + u. List the prime factors of m.
11
Suppose 16*j = 12*j + 88. What are the prime factors of j?
2, 11
Suppose -g = g. Let a(d) = d**2 + d + 23. List the prime factors of a(g).
23
Suppose 0 = -5*h + 5*x, 0 = 4*h + 2*x - 2 - 16. Suppose -p + 71 = h*n, -3*n - 2*p + 84 = 8. List the prime factors of n.
2, 11
Suppose 2*l - 2 = -4*i + 2, 0 = -3*i - 4*l + 3. Suppose m + i = -2*u, 5*m - u = u - 17. Let f = m - -5. What are the prime factors of f?
2
Let r(n) = -7*n**2 + 3*n**3 + 3*n**3 + 0*n**3 - 5*n**3. Let c be r(7). Suppose 5*m = -5*t + 90, 3*t = -c*t - 2*m + 55. List the prime factors of t.
19
Let h(t) = -t**3 - 6*t**2 + t + 8. Let c = -8 - -2. Let l be h(c). Suppose -2*a + l = -2. List the prime factors of a.
2
Suppose 0 = -3*q - 25 - 2. List the prime factors of (-119)/q + 8/(-36).
13
Let w be (5 - 3) + (-2 - 0). Suppose -4*g + g + 6 = w. Let p = 2 + g. List the prime factors of p.
2
Suppose 25 + 45 = -5*v - 4*j, 10 = -2*j. Let k = v - -20. List the prime factors of k.
2, 5
Let n be 60/9 + (-4)/6. Let i be (2/3)/((-2)/n). List the prime factors of 1/(2 + 3/i).
2
Let s be 4/(-14) + (-26)/7. Let g = -5 + 4. What are the prime factors of 0/g - (s + 0)?
2
Let i = 56 + -18. What are the prime factors of i?
2, 19
Let l be (-30)/(-20)*(-140)/(-6). Suppose -l = -x - 0. List the prime factors of x.
5, 7
Suppose -2*l + 296 = 2*l. List the prime factors of l.
2, 37
Let i(m) = 7*m**2 + 2*m - 6 + 0*m + 7. Suppose -2*b - 3*b = -2*n - 2, 0 = -2*n + 3*b - 2. List the prime factors of i(n).
2, 3
Let y(c) = -5*c - 4 + c**3 - 9*c**2 + 1 - 2*c. What are the prime factors of y(10)?
3
Let q = 11 + -5. Suppose 0 = 2*p - q. Suppose -3*n = -b - 0*n + 6, 18 = p*b - 5*n. What are the prime factors of b?
2, 3
Let k(u) = u**2 + 2*u - 2. Let v be k(-3). Suppose 3*x - 4*g = 0, -5*x + g + v = 18. Let i(f) = f**2 + 4*f + 2. What are the prime factors of i(x)?
2
Suppose 62 = 5*b + 5*p - 113, 0 = b - p - 31. List the prime factors of b.
3, 11
Let s(j) = j**2 - 5*j + 6. What are the prime factors of s(-6)?
2, 3
Let i = 197 - 128. Suppose 5*v - i - 81 = 0. What are the prime factors of v?
2, 3, 5
List the prime factors of ((-47)/(-4) - 0)*4.
47
Let k be (-38)/14 + 4/(-14). Let j = 6 + k. List the prime factors of j.
3
Let a = 58 + -35. What are the prime factors of a?
23
Suppose -489 = -13*l + 200. List the prime factors of l.
53
Let k(i) = -i**2 - 2*i. Let a be k(-3). What are the prime factors of a*(-1)/3 + 8?
3
Let y(n) = -2*n**3 - n**2 + 4*n + 3. Let t = -6 - -4. What are the prime factors of y(t)?
7
Let g(a) = a**2 - 8*a + 9. Let h be g(7). Suppose -h*y + 34 = -2. List the prime factors of y.
2, 3
Let c(t) = -t**3 - 4*t**2 + 3*t + 3. Let m be c(-3). Let k be (-17)/(-5) + m/(-25). List the prime factors of k/8 + 11/2.
2, 3
Suppose -227 = 10*z - 1087. What are the prime factors of z?
2, 43
Let g(u) = -2*u**2 + 2*u - 1. Let x be g(2). Let c = -16 - x. Let f = 20 + c. What are the prime factors of f?
3
Let l(a) = -a**3 - 6*a**2 - a - 1. Let u be l(-6). Suppose 34 + 16 = -u*p. Let t(z) = -z**2 - 12*z - 14. List the prime factors of t(p).
2, 3
Let i(m) = m**3 + 6*m**2 - 2. Let l be i(-6). Let w = l + 10. Suppose -k + w = -0. What are the prime factors of k?
2
Let k(x) = x**2 - 6*x - 10. Let y be k(8). Let g be 3*2/9*y. Let u = -2 + g. What are the prime factors of u?
2
Let t(p) = -61*p + 5. List the prime factors of t(-2).
127
Let m(h) = -h**2 + 4 - h**2 + h**2. Let t be m(0). Suppose -3*f = -4*f + t. List the prime factors of f.
2
Suppose 3*x + 18 = -g + 7*x, -x = -4. Let u = 4 + g. Suppose 5*p + u = 7, 0 = 3*i - 5*p - 13. List the prime factors of i.
2, 3
Suppose 10 = v + 1. Suppose 3*p = -d + 4*d + 54, v = -3*d. List the prime factors of p.
3, 5
Let k(h) = -2*h - 1. Suppose -3*l = -l + 6. List the prime factors of k(l).
5
Let n(r) = -95*r**3 - r**2 + r + 1. Let m be n(-1). Let c be (-2)/(-4) - m/(-4). Let t = c - 11. List the prime factors of t.
13
Suppose -2*w - 2*j = -38, 4*w - 2*j - 27 - 31 = 0. List the prime factors of w.
2
Suppose -2*l - 60 = -3*g, -l = -0*l. Suppose -c + g = c. Suppose -6*a = -a - c. What are the prime factors of a?
2
Suppose -30*n = -7*n - 8694. List the prime factors of n.
2, 3, 7
Let w = 2 + 2. Suppose -w = -4*g + 8. Suppose 16 = g*r + 1. What are the prime factors of r?
5
Let v(i) = -i**3 - 12*i**2 + 24*i - 20. List the prime factors of v(-15).
5, 59
Let n(f) be the second derivative of -4*f**5/5 + f**3/6 + f**2/2 - 6*f. Suppose -1 - 2 = 3*g. What are the prime factors of n(g)?
2
Suppose -b + 65 = -2*y, 0 = -0*y - 4*y + 16. List the prime factors of b.
73
Suppose 2 = i, 3*v + i = 2*v + 22. What are the prime factors of v?
2, 5
Let y = -4 + 8. Suppose -2*l - 5*o - 11 = 0, y*o = -2*l - 3*l + 15. List the prime factors of l.
7
Suppose -4*o + 9*o = 0. Suppose o = -d - 6 + 24. What are the prime factors of d?
2, 3
Let m(z) = z + 1. Let d be 2/(-1) + -1 + 2. Let t be m(d). Suppose 0 = -2*w - t*w + 24. What are the prime factors of w?
2, 3
Let m be (0 + (-2)/4)*-18. Suppose 0*f + 2*r + 27 = 3*f, -3*r = f - m. Let c = f + -3. What are the prime factors of c?
2, 3
Suppose 5*i + 10 = 6*i. What are the prime factors of i?
2, 5
Let c = -10 - -35. List the prime factors of c.
5
Let x(q) = q**2 + 5*q + 5. What are the prime factors of x(-12)?
89
Suppose -3*t + 5*t - 18 = 0. List the prime factors of t.
3
Suppose 0 = -3*i - 15, -1 = a + i + 8. Let c be 10/a*156/(-10). Suppose k - 4*m - m - c = 0, -m = -2*k + 51. What are the prime factors of k?
2, 3
Let c(g) = g**3 + 8*g**2 + g + 10. Let o be c(-8). Suppose o*v - 33 = -w - v, -3*v = 3*w - 87. What are the prime factors of w?
3
Let b be (18/45)/((-2)/10). Let p(m) = 2*m**2 + 4*m + 2. What are the prime factors of p(b)?
2
Suppose -8*i = -6*i - 174. What are the prime factors of i?
3, 29
Let p(o) = -o**3 - 5*o**2 - 8*o - 6. What are the prime factors of p(-5)?
2, 17
Let w = 3 + -19. Let h = -14 - w. What are the prime factors of h?
2
Let u be 1 - 38*1/(-2). Let p = -14 + u. What are the prime factors of p?
2, 3
Let l = -9 + 36. Suppose 0 = 3*g - 24 - l. What are the prime factors of g?
17
Let t(k) = -k**2 - 10*k - 7. S